{"id":192,"date":"2024-04-09T11:40:49","date_gmt":"2024-04-09T09:40:49","guid":{"rendered":"http:\/\/dk-studio.be\/?page_id=192"},"modified":"2024-04-24T14:20:42","modified_gmt":"2024-04-24T12:20:42","slug":"accompagnement","status":"publish","type":"page","link":"http:\/\/dk-studio.be\/?page_id=192","title":{"rendered":"ACCOMPAGNEMENT"},"content":{"rendered":"\n[et_pb_section fb_built=\u00a0\u00bb1&Prime; _builder_version=\u00a0\u00bb4.24.3&Prime; _module_preset=\u00a0\u00bbdefault\u00a0\u00bb global_colors_info=\u00a0\u00bb{}\u00a0\u00bb][et_pb_row _builder_version=\u00a0\u00bb4.24.3&Prime; _module_preset=\u00a0\u00bbdefault\u00a0\u00bb global_colors_info=\u00a0\u00bb{}\u00a0\u00bb][et_pb_column type=\u00a0\u00bb4_4&Prime; _builder_version=\u00a0\u00bb4.24.3&Prime; _module_preset=\u00a0\u00bbdefault\u00a0\u00bb global_colors_info=\u00a0\u00bb{}\u00a0\u00bb][et_pb_text _builder_version=\u00a0\u00bb4.24.3&Prime; _module_preset=\u00a0\u00bbdefault\u00a0\u00bb text_font=\u00a0\u00bbRaleway|800|||||||\u00a0\u00bb text_font_size=\u00a0\u00bb28px\u00a0\u00bb text_line_height=\u00a0\u00bb1.8em\u00a0\u00bb background_color=\u00a0\u00bb#FFD300&Prime; text_orientation=\u00a0\u00bbcenter\u00a0\u00bb custom_padding=\u00a0\u00bb16px||15px|||\u00a0\u00bb global_colors_info=\u00a0\u00bb{}\u00a0\u00bb]<p><span style=\"color: #000000;\">ENVIE DE CR\u00c9ER UNE MARQUE A TON IMAGE, UNIQUE &amp; DURABLE ?<\/span><\/p>[\/et_pb_text][et_pb_text _builder_version=\u00a0\u00bb4.24.3&Prime; _module_preset=\u00a0\u00bbdefault\u00a0\u00bb text_font=\u00a0\u00bbRaleway||||||||\u00a0\u00bb text_font_size=\u00a0\u00bb22px\u00a0\u00bb text_line_height=\u00a0\u00bb1.8em\u00a0\u00bb global_colors_info=\u00a0\u00bb{}\u00a0\u00bb]<p>Je peux t&rsquo;accompagner dans cette belle aventure.<\/p>\n<p>Parce qu&rsquo;il ne s&rsquo;agit pas juste d&rsquo;avoir un logo, un beau site internet et une belle identit\u00e9 pour r\u00e9ussir \u00e0 cr\u00e9er une marque forte mais aussi d&rsquo;un \u00e9tat d&rsquo;esprit, d&rsquo;une bonne communication (savoir \u00e0 qui l&rsquo;on communique, comment, sur quoi, pourquoi\u2026).<\/p>\n<p>Si tu as un projet qui fait sens et que tu aimerais \u00eatre \u00e9paul\u00e9.e dans ta communication qu&rsquo;elle soit visuelle, interpersonnelle pour faire connaitre ton service, ton produit, intrapersonnelle si tu as des blocages ou besoin d&rsquo;\u00eatre guid\u00e9e dans cette aventure, n&rsquo;h\u00e9site pas \u00e0 m&rsquo;en dire un peu plus <a href=\"https:\/\/forms.gle\/uWQ3DXRUwoSxwmjCA\"><span style=\"color: #ffd300;\"><strong>en cliquant ici<\/strong><\/span><\/a> afin que je puisse voir comment on pourrait travailler ensemble pour cr\u00e9er ou d\u00e9velopper ta marque.<\/p>[\/et_pb_text][\/et_pb_column][\/et_pb_row][\/et_pb_section]\n","protected":false},"excerpt":{"rendered":"<p>ENVIE DE CR\u00c9ER UNE MARQUE A TON IMAGE, UNIQUE &amp; DURABLE ?Je peux t&rsquo;accompagner dans cette belle aventure. Parce qu&rsquo;il ne s&rsquo;agit pas juste d&rsquo;avoir un logo, un beau site internet et une belle identit\u00e9 pour r\u00e9ussir \u00e0 cr\u00e9er une marque forte mais aussi d&rsquo;un \u00e9tat d&rsquo;esprit, d&rsquo;une bonne communication (savoir \u00e0 qui l&rsquo;on communique, [&hellip;]<\/p>\n","protected":false},"author":1,"featured_media":0,"parent":0,"menu_order":0,"comment_status":"closed","ping_status":"closed","template":"","meta":{"_et_pb_use_builder":"on","_et_pb_old_content":"","_et_gb_content_width":"","footnotes":""},"class_list":["post-192","page","type-page","status-publish","hentry"],"yoast_head":"<!-- This site is optimized with the Yoast SEO plugin v22.8 - https:\/\/yoast.com\/wordpress\/plugins\/seo\/ -->\n<title>ACCOMPAGNEMENT - dK-Studio<\/title>\n<meta name=\"description\" content=\"j&#039;accompagne les entrepreneurs \u00e0 cr\u00e9er une marque unique et durable fa\u00e7onn\u00e9e \u00e0 leur image car il ne s&#039;agit pas d&#039;avoir juste un beau logo.\" \/>\n<meta name=\"robots\" content=\"index, follow, max-snippet:-1, max-image-preview:large, max-video-preview:-1\" \/>\n<link rel=\"canonical\" href=\"https:\/\/dk-studio.be\/?page_id=192\" \/>\n<meta property=\"og:locale\" content=\"fr_FR\" \/>\n<meta property=\"og:type\" content=\"article\" \/>\n<meta property=\"og:title\" content=\"ACCOMPAGNEMENT - dK-Studio\" \/>\n<meta property=\"og:description\" content=\"j&#039;accompagne les entrepreneurs \u00e0 cr\u00e9er une marque unique et durable fa\u00e7onn\u00e9e \u00e0 leur image car il ne s&#039;agit pas d&#039;avoir juste un beau logo.\" \/>\n<meta property=\"og:url\" content=\"https:\/\/dk-studio.be\/?page_id=192\" \/>\n<meta property=\"og:site_name\" content=\"dK-Studio\" \/>\n<meta property=\"article:modified_time\" content=\"2024-04-24T12:20:42+00:00\" \/>\n<meta name=\"twitter:card\" content=\"summary_large_image\" \/>\n<meta name=\"twitter:label1\" content=\"Dur\u00e9e de lecture estim\u00e9e\" \/>\n\t<meta name=\"twitter:data1\" content=\"1 minute\" \/>\n<script type=\"application\/ld+json\" class=\"yoast-schema-graph\">{\"@context\":\"https:\/\/schema.org\",\"@graph\":[{\"@type\":\"WebPage\",\"@id\":\"https:\/\/dk-studio.be\/?page_id=192\",\"url\":\"https:\/\/dk-studio.be\/?page_id=192\",\"name\":\"ACCOMPAGNEMENT - dK-Studio\",\"isPartOf\":{\"@id\":\"http:\/\/dk-studio.be\/#website\"},\"datePublished\":\"2024-04-09T09:40:49+00:00\",\"dateModified\":\"2024-04-24T12:20:42+00:00\",\"description\":\"j'accompagne les entrepreneurs \u00e0 cr\u00e9er une marque unique et durable fa\u00e7onn\u00e9e \u00e0 leur image car il ne s'agit pas d'avoir juste un beau logo.\",\"breadcrumb\":{\"@id\":\"https:\/\/dk-studio.be\/?page_id=192#breadcrumb\"},\"inLanguage\":\"fr-FR\",\"potentialAction\":[{\"@type\":\"ReadAction\",\"target\":[\"https:\/\/dk-studio.be\/?page_id=192\"]}]},{\"@type\":\"BreadcrumbList\",\"@id\":\"https:\/\/dk-studio.be\/?page_id=192#breadcrumb\",\"itemListElement\":[{\"@type\":\"ListItem\",\"position\":1,\"name\":\"Accueil\",\"item\":\"http:\/\/dk-studio.be\/\"},{\"@type\":\"ListItem\",\"position\":2,\"name\":\"ACCOMPAGNEMENT\"}]},{\"@type\":\"WebSite\",\"@id\":\"http:\/\/dk-studio.be\/#website\",\"url\":\"http:\/\/dk-studio.be\/\",\"name\":\"dK-Studio\",\"description\":\"Communiquez !\",\"potentialAction\":[{\"@type\":\"SearchAction\",\"target\":{\"@type\":\"EntryPoint\",\"urlTemplate\":\"http:\/\/dk-studio.be\/?s={search_term_string}\"},\"query-input\":\"required name=search_term_string\"}],\"inLanguage\":\"fr-FR\"}]}<\/script>\n<!-- \/ Yoast SEO plugin. -->","yoast_head_json":{"title":"ACCOMPAGNEMENT - dK-Studio","description":"j'accompagne les entrepreneurs \u00e0 cr\u00e9er une marque unique et durable fa\u00e7onn\u00e9e \u00e0 leur image car il ne s'agit pas d'avoir juste un beau logo.","robots":{"index":"index","follow":"follow","max-snippet":"max-snippet:-1","max-image-preview":"max-image-preview:large","max-video-preview":"max-video-preview:-1"},"canonical":"https:\/\/dk-studio.be\/?page_id=192","og_locale":"fr_FR","og_type":"article","og_title":"ACCOMPAGNEMENT - dK-Studio","og_description":"j'accompagne les entrepreneurs \u00e0 cr\u00e9er une marque unique et durable fa\u00e7onn\u00e9e \u00e0 leur image car il ne s'agit pas d'avoir juste un beau logo.","og_url":"https:\/\/dk-studio.be\/?page_id=192","og_site_name":"dK-Studio","article_modified_time":"2024-04-24T12:20:42+00:00","twitter_card":"summary_large_image","twitter_misc":{"Dur\u00e9e de lecture estim\u00e9e":"1 minute"},"schema":{"@context":"https:\/\/schema.org","@graph":[{"@type":"WebPage","@id":"https:\/\/dk-studio.be\/?page_id=192","url":"https:\/\/dk-studio.be\/?page_id=192","name":"ACCOMPAGNEMENT - dK-Studio","isPartOf":{"@id":"http:\/\/dk-studio.be\/#website"},"datePublished":"2024-04-09T09:40:49+00:00","dateModified":"2024-04-24T12:20:42+00:00","description":"j'accompagne les entrepreneurs \u00e0 cr\u00e9er une marque unique et durable fa\u00e7onn\u00e9e \u00e0 leur image car il ne s'agit pas d'avoir juste un beau logo.","breadcrumb":{"@id":"https:\/\/dk-studio.be\/?page_id=192#breadcrumb"},"inLanguage":"fr-FR","potentialAction":[{"@type":"ReadAction","target":["https:\/\/dk-studio.be\/?page_id=192"]}]},{"@type":"BreadcrumbList","@id":"https:\/\/dk-studio.be\/?page_id=192#breadcrumb","itemListElement":[{"@type":"ListItem","position":1,"name":"Accueil","item":"http:\/\/dk-studio.be\/"},{"@type":"ListItem","position":2,"name":"ACCOMPAGNEMENT"}]},{"@type":"WebSite","@id":"http:\/\/dk-studio.be\/#website","url":"http:\/\/dk-studio.be\/","name":"dK-Studio","description":"Communiquez !","potentialAction":[{"@type":"SearchAction","target":{"@type":"EntryPoint","urlTemplate":"http:\/\/dk-studio.be\/?s={search_term_string}"},"query-input":"required name=search_term_string"}],"inLanguage":"fr-FR"}]}},"_links":{"self":[{"href":"http:\/\/dk-studio.be\/index.php?rest_route=\/wp\/v2\/pages\/192","targetHints":{"allow":["GET"]}}],"collection":[{"href":"http:\/\/dk-studio.be\/index.php?rest_route=\/wp\/v2\/pages"}],"about":[{"href":"http:\/\/dk-studio.be\/index.php?rest_route=\/wp\/v2\/types\/page"}],"author":[{"embeddable":true,"href":"http:\/\/dk-studio.be\/index.php?rest_route=\/wp\/v2\/users\/1"}],"replies":[{"embeddable":true,"href":"http:\/\/dk-studio.be\/index.php?rest_route=%2Fwp%2Fv2%2Fcomments&post=192"}],"version-history":[{"count":7,"href":"http:\/\/dk-studio.be\/index.php?rest_route=\/wp\/v2\/pages\/192\/revisions"}],"predecessor-version":[{"id":220,"href":"http:\/\/dk-studio.be\/index.php?rest_route=\/wp\/v2\/pages\/192\/revisions\/220"}],"wp:attachment":[{"href":"http:\/\/dk-studio.be\/index.php?rest_route=%2Fwp%2Fv2%2Fmedia&parent=192"}],"curies":[{"name":"wp","href":"https:\/\/api.w.org\/{rel}","templated":true}]}}